{"id":12182,"date":"2023-03-04T16:06:36","date_gmt":"2023-03-04T09:06:36","guid":{"rendered":"https:\/\/alatca.vn\/?post_type=product&#038;p=12182"},"modified":"2026-04-12T17:09:20","modified_gmt":"2026-04-12T10:09:20","slug":"loi-so-6-alatca","status":"publish","type":"product","link":"https:\/\/alatca.vn\/?product=loi-so-6-alatca","title":{"rendered":"L\u00f5i s\u1ed1 6 Alatca"},"content":{"rendered":"<p>L\u00f5i s\u1ed1 6 Alatca H\u1ea1t b\u00f3ng g\u1ed1m<\/p>\n<p>-Ch\u1ee9a \u0111\u1ef1ng nh\u1eefng h\u1ea1t b\u00f3ng g\u1ed1m c\u00f3 t\u00e1c d\u1ee5ng chia t\u00e1ch c\u00e1c ph\u00e2n t\u1eed n\u01b0\u1edbc, t\u0103ng l\u01b0\u1ee3ng oxy gi\u00fap t\u1ebf b\u00e0o c\u01a1 th\u1ec3 d\u1ec5 d\u00e0ng h\u1ea5p th\u1ee5, l\u00e0m t\u0103ng tu\u1ea7n ho\u00e0n m\u00e1u. Gi\u00fap ch\u1ed1ng l\u00e3o h\u00f3a v\u00e0 ng\u0103n ng\u1eeba da kh\u00f4.<\/p>\n<p>\u2013 Tu\u1ed5i th\u1ecd: 12 \u2013 18 th\u00e1ng (~ 5.200 l\u00edt)<\/p>\n","protected":false},"excerpt":{"rendered":"<p>L\u00f5i s\u1ed1 6 Alatca H\u1ea1t b\u00f3ng g\u1ed1m -Ch\u1ee9a \u0111\u1ef1ng nh\u1eefng h\u1ea1t b\u00f3ng g\u1ed1m c\u00f3 t\u00e1c d\u1ee5ng chia t\u00e1ch c\u00e1c ph\u00e2n t\u1eed n\u01b0\u1edbc, t\u0103ng l\u01b0\u1ee3ng oxy gi\u00fap t\u1ebf b\u00e0o c\u01a1 th\u1ec3 d\u1ec5 d\u00e0ng h\u1ea5p th\u1ee5, l\u00e0m t\u0103ng tu\u1ea7n ho\u00e0n m\u00e1u. Gi\u00fap ch\u1ed1ng l\u00e3o h\u00f3a v\u00e0 ng\u0103n ng\u1eeba da kh\u00f4. \u2013 Tu\u1ed5i th\u1ecd: 12 \u2013 18 th\u00e1ng [&#8230;]\n","protected":false},"featured_media":12174,"comment_status":"open","ping_status":"closed","template":"","meta":[],"product_brand":[],"product_cat":[28],"product_tag":[],"yst_prominent_words":[],"class_list":{"0":"post-12182","1":"product","2":"type-product","3":"status-publish","4":"has-post-thumbnail","6":"product_cat-phu-kien","8":"first","9":"instock","10":"shipping-taxable","11":"purchasable","12":"product-type-simple"},"jetpack_sharing_enabled":true,"_links":{"self":[{"href":"https:\/\/alatca.vn\/index.php?rest_route=\/wp\/v2\/product\/12182","targetHints":{"allow":["GET"]}}],"collection":[{"href":"https:\/\/alatca.vn\/index.php?rest_route=\/wp\/v2\/product"}],"about":[{"href":"https:\/\/alatca.vn\/index.php?rest_route=\/wp\/v2\/types\/product"}],"replies":[{"embeddable":true,"href":"https:\/\/alatca.vn\/index.php?rest_route=%2Fwp%2Fv2%2Fcomments&post=12182"}],"wp:featuredmedia":[{"embeddable":true,"href":"https:\/\/alatca.vn\/index.php?rest_route=\/wp\/v2\/media\/12174"}],"wp:attachment":[{"href":"https:\/\/alatca.vn\/index.php?rest_route=%2Fwp%2Fv2%2Fmedia&parent=12182"}],"wp:term":[{"taxonomy":"product_brand","embeddable":true,"href":"https:\/\/alatca.vn\/index.php?rest_route=%2Fwp%2Fv2%2Fproduct_brand&post=12182"},{"taxonomy":"product_cat","embeddable":true,"href":"https:\/\/alatca.vn\/index.php?rest_route=%2Fwp%2Fv2%2Fproduct_cat&post=12182"},{"taxonomy":"product_tag","embeddable":true,"href":"https:\/\/alatca.vn\/index.php?rest_route=%2Fwp%2Fv2%2Fproduct_tag&post=12182"},{"taxonomy":"yst_prominent_words","embeddable":true,"href":"https:\/\/alatca.vn\/index.php?rest_route=%2Fwp%2Fv2%2Fyst_prominent_words&post=12182"}],"curies":[{"name":"wp","href":"https:\/\/api.w.org\/{rel}","templated":true}]}}